e the greatest common divisor of 15040 and 40.
40
Calculate the greatest common factor of 1026 and 114.
114
Calculate the greatest common divisor of 12 and 588.
12
Calculate the highest common factor of 1225 and 525.
175
What is the highest common divisor of 940 and 141?
47
What is the highest common factor of 306 and 90?
18
Calculate the highest common divisor of 27 and 15.
3
What is the highest common divisor of 87 and 609?
87
Calculate the highest common divisor of 2907 and 459.
153
Calculate the greatest common divisor of 50 and 9650.
50
Calculate the highest common divisor of 36549 and 558.
279
What is the highest common divisor of 80 and 30?
10
Calculate the greatest common divisor of 92 and 598.
46
What is the greatest common divisor of 42 and 119?
7
Calculate the highest common factor of 208 and 884.
52
What is the greatest common factor of 6678 and 126?
126
What is the highest common factor of 19 and 21622?
19
What is the greatest common factor of 7 and 623?
7
What is the greatest common factor of 2 and 218?
2
What is the highest common divisor of 170 and 238?
34
Calculate the greatest common factor of 44 and 128.
4
What is the greatest common divisor of 323 and 76?
19
What is the greatest common factor of 2 and 482?
2
Calculate the highest common factor of 47 and 3008.
47
What is the greatest common factor of 17626 and 28?
14
Calculate the highest common factor of 1908 and 424.
212
What is the greatest common factor of 21 and 10493?
7
What is the greatest common divisor of 147 and 60?
3
What is the highest common factor of 8076 and 12?
12
What is the greatest common factor of 21 and 219?
3
Calculate the greatest common divisor of 9 and 225.
9
What is the greatest common divisor of 371 and 7?
7
What is the greatest common divisor of 60 and 500?
20
What is the greatest common divisor of 220 and 176?
44
What is the greatest common factor of 15 and 960?
15
Calculate the greatest common factor of 4925 and 50.
25
What is the highest common divisor of 14144 and 64?
64
Calculate the greatest common divisor of 59 and 236.
59
What is the highest common divisor of 2403 and 162?
27
Calculate the highest common divisor of 288 and 9.
9
What is the highest common factor of 776 and 4?
4
Calculate the greatest common factor of 1050 and 500.
50
Calculate the greatest common factor of 2432 and 152.
152
What is the highest common factor of 6752 and 224?
32
What is the greatest common divisor of 39 and 104?
13
Calculate the greatest common factor of 1330 and 95.
95
What is the greatest common factor of 10074 and 138?
138
Calculate the greatest common factor of 1210 and 220.
110
What is the highest common factor of 112 and 196?
28
What is the greatest common divisor of 53 and 265?
53
Calculate the highest common factor of 55 and 55.
55
Calculate the greatest common divisor of 6 and 78.
6
Calculate the highest common factor of 21 and 434.
7
Calculate the greatest common factor of 165 and 132.
33
Calculate the highest common divisor of 52 and 286.
26
Calculate the highest common divisor of 143 and 546.
13
Calculate the greatest common factor of 4575 and 61.
61
What is the greatest common divisor of 250 and 10?
10
Calculate the highest common factor of 374 and 517.
11
Calculate the greatest common factor of 91 and 26.
13
Calculate the greatest common factor of 1242 and 322.
46
Calculate the highest common factor of 130 and 858.
26
What is the highest common divisor of 100 and 500?
100
What is the highest common factor of 40 and 6520?
40
What is the greatest common divisor of 145 and 5771?
29
What is the highest common divisor of 210 and 42?
42
Calculate the highest common divisor of 70 and 20.
10
What is the greatest common factor of 1 and 107?
1
What is the highest common divisor of 1 and 149?
1
What is the highest common divisor of 66 and 264?
66
Calculate the highest common factor of 4171 and 291.
97
Calculate the greatest common factor of 2008 and 16.
8
What is the highest common divisor of 4 and 134?
2
What is the greatest common divisor of 2556 and 90?
18
Calculate the highest common divisor of 11 and 22.
11
What is the greatest common divisor of 9 and 45?
9
What is the highest common factor of 4068 and 192?
12
Calculate the highest common factor of 12 and 264.
12
What is the highest common divisor of 8695 and 370?
185
Calculate the highest common factor of 1169 and 28.
7
What is the greatest common divisor of 7812 and 12?
12
Calculate the highest common divisor of 74 and 666.
74
Calculate the highest common divisor of 21860 and 40.
20
What is the greatest common divisor of 46 and 115?
23
Calculate the highest common factor of 1001 and 364.
91
What is the greatest common factor of 5973 and 12?
3
What is the greatest common divisor of 1078 and 7?
7
Calculate the greatest common divisor of 1975 and 237.
79
What is the highest common factor of 4838 and 826?
118
Calculate the highest common factor of 65 and 2795.
65
What is the greatest common factor of 90 and 135?
45
Calculate the greatest common factor of 35 and 70.
35
Calculate the highest common divisor of 546 and 390.
78
Calculate the greatest common factor of 216 and 64.
8
What is the greatest common factor of 825 and 75?
75
What is the highest common divisor of 68 and 374?
34
What is the highest common factor of 644 and 4?
4
What is the highest common divisor of 24 and 102?
6
What is the highest common divisor of 3632 and 2?
2
Calculate the greatest common factor of 1050 and 140.
70
Calculate the highest common factor of 264 and 88.
88
Calculate the greatest common divisor of 3901 and 47.
47
Calculate the highest common divisor of 164 and 1681.
41
What is the greatest common divisor of 2106 and 26?
26
What is the highest common divisor of 578 and 17?
17
Calculate the greatest common divisor of 42 and 147.
21
What is the greatest common divisor of 87 and 29?
29
What is the highest common divisor of 62 and 2294?
62
Calculate the greatest common divisor of 55 and 540.
5
Calculate the greatest common factor of 217 and 403.
31
What is the greatest common divisor of 354 and 30?
6
What is the highest common divisor of 18 and 1503?
9
Calculate the highest common divisor of 780 and 165.
15
Calculate the highest common factor of 1449 and 92.
23
What is the greatest common divisor of 10 and 4?
2
What is the greatest common factor of 549 and 18?
9
What is the highest common divisor of 70 and 45220?
70
Calculate the highest common divisor of 2068 and 660.
44
What is the greatest common factor of 24 and 72?
24
What is the highest common factor of 8 and 424?
8
What is the greatest common factor of 183 and 3?
3
Calculate the highest common divisor of 114 and 1995.
57
Calculate the highest common factor of 6 and 25.
1
Calculate the highest common factor of 29 and 2581.
29
What is the highest common factor of 20 and 540?
20
What is the greatest common factor of 2294 and 74?
74
Calculate the greatest common factor of 4470 and 60.
30
What is the highest common divisor of 924 and 198?
66
Calculate the highest common factor of 177 and 6.
3
Calculate the greatest common divisor of 4672 and 219.
73
Calculate the greatest common divisor of 93 and 2449.
31
Calculate the greatest common factor of 455 and 195.
65
Calculate the greatest common factor of 18 and 18.
18
Calculate the greatest common factor of 1140 and 1065.
15
What is the greatest common divisor of 671 and 305?
61
What is the greatest common divisor of 1804 and 11?
11
What is the greatest common divisor of 32 and 1096?
8
What is the greatest common factor of 4325 and 175?
25
What is the greatest common factor of 35 and 154?
7
Calculate the greatest common divisor of 237 and 395.
79
Calculate the highest common factor of 128 and 736.
32
What is the greatest common divisor of 37 and 18796?
37
Calculate the highest common factor of 25 and 3550.
25
What is the greatest common divisor of 71 and 213?
71
Calculate the greatest common divisor of 1024 and 848.
16
What is the highest common divisor of 576 and 1408?
64
Calculate the greatest common divisor of 2160 and 288.
144
What is the highest common factor of 207 and 315?
9
What is the greatest common divisor of 848 and 16?
16
Calculate the highest common factor of 24 and 372.
12
Calculate the highest common factor 